In base 13, what is 1 - b22c8?
-b22c7
In base 3, what is -1010021010211 + 11?
-1010021010200
In base 6, what is -12234321 - 4?
-12234325
In base 6, what is -3 - -11440534?
11440531
In base 6, what is 2 - 534442?
-534440
In base 6, what is -2 - -53345?
53343
In base 2, what is 10001010111101110 + -100?
10001010111101010
In base 16, what is 1368 - -b?
1373
In base 9, what is -6 + -47040?
-47046
In base 15, what is 21 - 1475?
-1454
In base 8, what is -10772 - -160?
-10612
In base 15, what is 58 + -11027?
-10ebe
In base 7, what is -2126 + 5?
-2121
In base 5, what is 3 + -4024022?
-4024014
In base 10, what is 1064575 + -5?
1064570
In base 4, what is 2 + 103002302?
103002310
In base 7, what is -2 - -133234?
133232
In base 16, what is -2162 - 1?
-2163
In base 3, what is 20210122000 - -2?
20210122002
In base 4, what is -11100322 - 1?
-11100323
In base 12, what is 94 + -659?
-585
In base 4, what is -112 + 121012?
120300
In base 7, what is 3 - 112632?
-112626
In base 8, what is 0 + 327665?
327665
In base 8, what is 236223 + 0?
236223
In base 14, what is -14a + -1b54?
-1ca0
In base 5, what is 2022 + 1202?
3224
In base 16, what is -16 - -2a3c5?
2a3af
In base 7, what is 3225015 + -3?
3225012
In base 15, what is 34 - -a3b0?
a3e4
In base 2, what is -100 - 111100111111101?
-111101000000001
In base 10, what is -4231 + 25?
-4206
In base 7, what is -605364 - 5?
-605402
In base 10, what is -10456 + 3?
-10453
In base 15, what is -2e28ce + 4?
-2e28ca
In base 13, what is -2570c - -1?
-2570b
In base 2, what is 100111000 - -10110001011?
11011000011
In base 6, what is 0 - 101305?
-101305
In base 7, what is 5546 + 1?
5550
In base 10, what is -3 + -582169?
-582172
In base 11, what is -98 + -770?
-858
In base 14, what is -bb353 + -10?
-bb363
In base 6, what is 1432421 + 1?
1432422
In base 9, what is 201 - 12864?
-12663
In base 2, what is -10110 - -10101001001111010?
10101001001100100
In base 3, what is -12002112 - -2001?
-12000111
In base 3, what is -2 + 22121102102?
22121102100
In base 12, what is -b4ba9 - -3?
-b4ba6
In base 12, what is 18 - -41a0?
41b8
In base 13, what is -5 + 320a?
3205
In base 11, what is -5 + -5178?
-5182
In base 14, what is 1685 - -26?
16ab
In base 13, what is 6401 + 5?
6406
In base 13, what is 2cb - -4b?
349
In base 5, what is -10 + -2441441?
-2442001
In base 2, what is -10111001101010101010 + 101?
-10111001101010100101
In base 11, what is -aa33 - -6?
-aa28
In base 16, what is 71 + -89?
-18
In base 16, what is -3 - -7e51?
7e4e
In base 5, what is -13 - -333122?
333104
In base 7, what is -503 + -411?
-1214
In base 16, what is 3 + 4648?
464b
In base 8, what is 16 + 633?
651
In base 3, what is -2120021000211 - -2?
-2120021000202
In base 8, what is 6714 + 1005?
7721
In base 10, what is -38 + -11940?
-11978
In base 9, what is -54 + -767?
-832
In base 4, what is 0 + 1102102322?
1102102322
In base 3, what is 111 - 220011012?
-220010201
In base 5, what is -11 - 34110?
-34121
In base 9, what is 16 - 186?
-170
In base 2, what is -110110001 + -110100?
-111100101
In base 10, what is 23 - 5704?
-5681
In base 15, what is -3 + 803?
800
In base 8, what is -15465 + -52?
-15537
In base 14, what is -b7 + -10a?
-1c3
In base 13, what is -35 - 310?
-345
In base 6, what is -10253 + -153?
-10450
In base 16, what is -6 - 7d?
-83
In base 9, what is 60021 - 4?
60016
In base 15, what is 27 + 373?
39a
In base 5, what is -10 - -11222410?
11222400
In base 6, what is 2 - -4051?
4053
In base 14, what is -a - a84?
-a90
In base 3, what is -1001202200 + -201?
-1001210101
In base 2, what is 1011010 + 11001011?
100100101
In base 13, what is 6c1 + -210c?
-171b
In base 3, what is -101 - -1002112?
1002011
In base 9, what is -347 + 7?
-340
In base 4, what is -1033212 + 2?
-1033210
In base 6, what is 3404 + -12?
3352
In base 9, what is -188658 + 0?
-188658
In base 13, what is 1237 - -24?
125b
In base 8, what is 5 - -17737?
17744
In base 10, what is 0 - 271?
-271
In base 5, what is 201142141 + -3?
201142133
In base 14, what is -12 + 475?
463
In base 7, what is -14 - -41422?
41405
In base 2, what is -11101011 - 1010000000?
-1101101011
In base 11, what is 94259 - 5?
94254
In base 2, what is 101 - 101100010111000100000?
-101100010111000011011
In base 16, what is -ce4 + -4?
-ce8
In base 14, what is 7d52a - 4?
7d526
In base 16, what is f24 + ce?
ff2
In base 6, what is 20541 - -20?
21001
In base 13, what is -7 + 20657?
20650
In base 9, what is -2 - 830?
-832
In base 4, what is 330220 - 23213?
301001
In base 14, what is 136 + -6413?
-62bb
In base 3, what is -1 + -201200001?
-201200002
In base 10, what is 2024 + -60?
1964
In base 4, what is -332233 - 20?
-332313
In base 15, what is c08 + -97?
b61
In base 4, what is -101031001 - -21?
-101030320
In base 10, what is -1762818 + 0?
-1762818
In base 15, what is -151 - -3d?
-113
In base 12, what is 13 + 58a3?
58b6
In base 9, what is -83226 - -4?
-83222
In base 5, what is 3 - 331313?
-331310
In base 10, what is -16 + -962?
-978
In base 12, what is 371 + 4?
375
In base 2, what is -10110010111111001 + -10?
-10110010111111011
In base 13, what is 29 - b5?
-89
In base 14, what is -14a44 + a?
-14a38
In base 14, what is -3 - -4b718?
4b715
In base 3, what is 2020211 - 221121?
1022020
In base 10, what is -37606 - 5?
-37611
In base 13, what is 352a - 92?
3468
In base 3, what is -2 + -11101121?
-11101200
In base 15, what is 1c5a3c - -1?
1c5a3d
In base 10, what is 82 + 47?
129
In base 2, what is -10000010111010001100 - -101?
-10000010111010000111
In base 12, what is -17148 - -9?
-1713b
In base 3, what is 1 + -2112201222?
-2112201221
In base 7, what is 323 - -2246?
2602
In base 4, what is 211322 + -2111?
203211
In base 7, what is -5 - -133502?
133464
In base 4, what is 3 - 30103002?
-30102333
In base 5, what is 13 + -3214142?
-3214124
In base 14, what is 25562 - 2?
25560
In base 4, what is 2323 - 11032?
-2103
In base 9, what is 2050 + 7?
2057
In base 14, what is 156 + -6d?
c7
In base 3, what is 20110001222 + -10?
20110001212
In base 3, what is 12210 - -201121?
221101
In base 16, what is -6 - -f56?
f50
In base 7, what is 1326 + 4143?
5502
In base 4, what is 223201 - 103?
223032
In base 9, what is 78 + 2450?
2538
In base 5, what is -11032 + -4?
-11041
In base 11, what is -72 - 53?
-115
In base 6, what is -41212330 + 4?
-41212322
In base 11, what is -1a51795 + -5?
-1a5179a
In base 2, what is 110111010010 - 110101?
110110011101
In base 11, what is -1 + -21a86a?
-21a870
In base 3, what is -21121 + -210102?
-1002000
In base 11, what is 39 + -832?
-7a4
In base 10, what is -22463 + -5?
-22468
In base 12, what is -2 + -1374?
-1376
In base 2, what is 1101111110 - -100001?
1110011111
In base 13, what is -3 + -5067?
-506a
In base 11, what is -3 - -24711?
24709
In base 14, what is 447 + 96?
4dd
In base 3, what is -1000001 - -222020?
-211
In base 10, what is -53 + 778?
725
In base 12, what is a + -5a6?
-598
In base 12, what is 2ab3 - 25?
2a8a
In base 4, what is -123200 + -2201?
-132001
In base 10, what is -6710 - -22?
-6688
In base 12, what is 0 + 636?
636
In base 6, what is -2 + 1403111?
1403105
In base 14, what is -1b7b + 2?
-1b79
In base 15, what is -821 - 1?
-822
In base 7, what is 1 - 3444643?
-3444642
In base 9, what is -5 - -261357?
261352
In base 4, what is -3310300 - 10?
-3310310
In base 7, what is 1003450 + 3?
1003453
In base 13, what is -2031 + -126?
-2157
In base 13, what is -7563 + -4?
-7567
In base 14, what is 3c + 27a?
2b8
In base 7, what is -1 + 14132?
14131
In base 2, what is 101 - 11101000111001111?
-11101000111001010
In base 15, what is 16 + -2dd1?
-2dba
In base 9, what is 4 + 24537?
24542
In base 5, what is 20440233 - -2?
20440240
In base 8, what is 1767 - -66?
2055
In base 11, what is 66 + -1a6?
-140
In base 14, what is 5 + 4983?
4988
In base 12, what is 0 - -47b4b?
47b4b
In base 5, what is 0 - -12001113?
12001113
In base 9, what is 310606 + -16?
310580
In base 4, what is 12223 - 2031?
10132
In base 3, what is -111 - 200211?
-201022
In base 13, what is 8 + 2b02?
2b0a
In base 7, what is -3 - 4461611?
-4461614
In base 5, what is -3 - 3222231?
-3222234
In base 6, what is 1 + -235033?
-235032
In base 3, what is 1 + 1201000122110?
1201000122111
In base 14, what is -c2c + -272?
-10a0
In base 4, what is -3131033 - -1133?
-3123300
In base 16, what is -910 + 1d?
-8f3
